{"id":60,"date":"2024-06-13T14:23:24","date_gmt":"2024-06-13T12:23:24","guid":{"rendered":"http:\/\/www.inkpulse-studio.com\/?page_id=60"},"modified":"2024-07-08T18:31:50","modified_gmt":"2024-07-08T16:31:50","slug":"qui-sommes-nous","status":"publish","type":"page","link":"https:\/\/www.inkpulse-studio.com\/index.php\/qui-sommes-nous\/","title":{"rendered":"Qui sommes nous ?"},"content":{"rendered":"\t\t<div data-elementor-type=\"wp-page\" data-elementor-id=\"60\" class=\"elementor elementor-60\">\n\t\t\t\t<div class=\"elementor-element elementor-element-a3fa13e e-flex e-con-boxed e-con e-parent\" data-id=\"a3fa13e\" data-element_type=\"container\">\n\t\t\t\t\t<div class=\"e-con-inner\">\n\t\t<div class=\"elementor-element elementor-element-261bf2c e-con-full e-flex e-con e-child\" data-id=\"261bf2c\" data-element_type=\"container\">\n\t\t\t\t<div class=\"elementor-element elementor-element-ed5de9d elementor-widget elementor-widget-image\" data-id=\"ed5de9d\" data-element_type=\"widget\" data-widget_type=\"image.default\">\n\t\t\t\t<div class=\"elementor-widget-container\">\n\t\t\t\t\t\t\t\t\t\t\t\t\t<img fetchpriority=\"high\" decoding=\"async\" width=\"726\" height=\"726\" src=\"https:\/\/www.inkpulse-studio.com\/wp-content\/uploads\/2024\/06\/crop2.png\" class=\"attachment-2048x2048 size-2048x2048 wp-image-362\" alt=\"\" srcset=\"https:\/\/www.inkpulse-studio.com\/wp-content\/uploads\/2024\/06\/crop2.png 726w, https:\/\/www.inkpulse-studio.com\/wp-content\/uploads\/2024\/06\/crop2-300x300.png 300w, https:\/\/www.inkpulse-studio.com\/wp-content\/uploads\/2024\/06\/crop2-150x150.png 150w, https:\/\/www.inkpulse-studio.com\/wp-content\/uploads\/2024\/06\/crop2-600x600.png 600w\" sizes=\"(max-width: 726px) 100vw, 726px\" \/>\t\t\t\t\t\t\t\t\t\t\t\t\t<\/div>\n\t\t\t\t<\/div>\n\t\t\t\t<\/div>\n\t\t<div class=\"elementor-element elementor-element-dcb58f7 e-flex e-con-boxed e-con e-child\" data-id=\"dcb58f7\" data-element_type=\"container\">\n\t\t\t\t\t<div class=\"e-con-inner\">\n\t\t\t\t<div class=\"elementor-element elementor-element-a5804d1 elementor-widget elementor-widget-heading\" data-id=\"a5804d1\" data-element_type=\"widget\" data-widget_type=\"heading.default\">\n\t\t\t\t<div class=\"elementor-widget-container\">\n\t\t\t<h2 class=\"elementor-heading-title elementor-size-default\">Robin Dall Armellina - CEO - Sc\u00e9nariste<\/h2>\t\t<\/div>\n\t\t\t\t<\/div>\n\t\t\t\t<div class=\"elementor-element elementor-element-88de6fb elementor-widget elementor-widget-text-editor\" data-id=\"88de6fb\" data-element_type=\"widget\" data-widget_type=\"text-editor.default\">\n\t\t\t\t<div class=\"elementor-widget-container\">\n\t\t\t\t\t\t\t<p>Sc\u00e9nariste sp\u00e9cialis\u00e9 dans le manga depuis 2017, Robin a d\u00e9but\u00e9 sa carri\u00e8re chez Tsume-Art o\u00f9 il a cr\u00e9\u00e9 <em>Imperium Circus<\/em>. Depuis, il a collabor\u00e9 avec des \u00e9diteurs renomm\u00e9s tels que Kurokawa et Clique Edition. Depuis 2020, il travaille \u00e9galement pour Wannagame, cr\u00e9ant des univers captivants pour leurs jeux.<\/p><p>Cr\u00e9atif et polyvalent, Robin peut transformer n\u2019importe quelle id\u00e9e en une histoire fascinante. Il saura vous proposer un univers innovant et une narration captivante pour donner vie \u00e0 votre projet.<\/p>\t\t\t\t\t\t<\/div>\n\t\t\t\t<\/div>\n\t\t\t\t\t<\/div>\n\t\t\t\t<\/div>\n\t\t\t\t\t<\/div>\n\t\t\t\t<\/div>\n\t\t\t\t<\/div>\n\t\t","protected":false},"excerpt":{"rendered":"<p>Robin Dall Armellina &#8211; CEO &#8211; Sc\u00e9nariste Sc\u00e9nariste sp\u00e9cialis\u00e9 dans le manga depuis 2017, Robin a d\u00e9but\u00e9 sa carri\u00e8re chez Tsume-Art o\u00f9 il a cr\u00e9\u00e9 Imperium Circus. Depuis, il a collabor\u00e9 avec des \u00e9diteurs renomm\u00e9s tels que Kurokawa et Clique Edition. Depuis 2020, il travaille \u00e9galement pour Wannagame, cr\u00e9ant des univers captivants pour leurs jeux. [&hellip;]<\/p>\n","protected":false},"author":1,"featured_media":0,"parent":0,"menu_order":0,"comment_status":"closed","ping_status":"closed","template":"","meta":{"ocean_post_layout":"","ocean_both_sidebars_style":"","ocean_both_sidebars_content_width":0,"ocean_both_sidebars_sidebars_width":0,"ocean_sidebar":"","ocean_second_sidebar":"","ocean_disable_margins":"enable","ocean_add_body_class":"","ocean_shortcode_before_top_bar":"","ocean_shortcode_after_top_bar":"","ocean_shortcode_before_header":"","ocean_shortcode_after_header":"","ocean_has_shortcode":"","ocean_shortcode_after_title":"","ocean_shortcode_before_footer_widgets":"","ocean_shortcode_after_footer_widgets":"","ocean_shortcode_before_footer_bottom":"","ocean_shortcode_after_footer_bottom":"","ocean_display_top_bar":"default","ocean_display_header":"default","ocean_header_style":"","ocean_center_header_left_menu":"","ocean_custom_header_template":"","ocean_custom_logo":0,"ocean_custom_retina_logo":0,"ocean_custom_logo_max_width":0,"ocean_custom_logo_tablet_max_width":0,"ocean_custom_logo_mobile_max_width":0,"ocean_custom_logo_max_height":0,"ocean_custom_logo_tablet_max_height":0,"ocean_custom_logo_mobile_max_height":0,"ocean_header_custom_menu":"","ocean_menu_typo_font_family":"","ocean_menu_typo_font_subset":"","ocean_menu_typo_font_size":0,"ocean_menu_typo_font_size_tablet":0,"ocean_menu_typo_font_size_mobile":0,"ocean_menu_typo_font_size_unit":"px","ocean_menu_typo_font_weight":"","ocean_menu_typo_font_weight_tablet":"","ocean_menu_typo_font_weight_mobile":"","ocean_menu_typo_transform":"","ocean_menu_typo_transform_tablet":"","ocean_menu_typo_transform_mobile":"","ocean_menu_typo_line_height":0,"ocean_menu_typo_line_height_tablet":0,"ocean_menu_typo_line_height_mobile":0,"ocean_menu_typo_line_height_unit":"","ocean_menu_typo_spacing":0,"ocean_menu_typo_spacing_tablet":0,"ocean_menu_typo_spacing_mobile":0,"ocean_menu_typo_spacing_unit":"","ocean_menu_link_color":"","ocean_menu_link_color_hover":"","ocean_menu_link_color_active":"","ocean_menu_link_background":"","ocean_menu_link_hover_background":"","ocean_menu_link_active_background":"","ocean_menu_social_links_bg":"","ocean_menu_social_hover_links_bg":"","ocean_menu_social_links_color":"","ocean_menu_social_hover_links_color":"","ocean_disable_title":"default","ocean_disable_heading":"default","ocean_post_title":"","ocean_post_subheading":"","ocean_post_title_style":"","ocean_post_title_background_color":"","ocean_post_title_background":0,"ocean_post_title_bg_image_position":"","ocean_post_title_bg_image_attachment":"","ocean_post_title_bg_image_repeat":"","ocean_post_title_bg_image_size":"","ocean_post_title_height":0,"ocean_post_title_bg_overlay":0.5,"ocean_post_title_bg_overlay_color":"","ocean_disable_breadcrumbs":"default","ocean_breadcrumbs_color":"","ocean_breadcrumbs_separator_color":"","ocean_breadcrumbs_links_color":"","ocean_breadcrumbs_links_hover_color":"","ocean_display_footer_widgets":"default","ocean_display_footer_bottom":"default","ocean_custom_footer_template":"","footnotes":""},"class_list":["post-60","page","type-page","status-publish","hentry","entry"],"yoast_head":"<!-- This site is optimized with the Yoast SEO plugin v22.9 - https:\/\/yoast.com\/wordpress\/plugins\/seo\/ -->\n<title>Qui sommes nous ? - Inkpulse Studio<\/title>\n<meta name=\"robots\" content=\"index, follow, max-snippet:-1, max-image-preview:large, max-video-preview:-1\" \/>\n<link rel=\"canonical\" href=\"https:\/\/www.inkpulse-studio.com\/index.php\/qui-sommes-nous\/\" \/>\n<meta property=\"og:locale\" content=\"en_US\" \/>\n<meta property=\"og:type\" content=\"article\" \/>\n<meta property=\"og:title\" content=\"Qui sommes nous ? - Inkpulse Studio\" \/>\n<meta property=\"og:description\" content=\"Robin Dall Armellina &#8211; CEO &#8211; Sc\u00e9nariste Sc\u00e9nariste sp\u00e9cialis\u00e9 dans le manga depuis 2017, Robin a d\u00e9but\u00e9 sa carri\u00e8re chez Tsume-Art o\u00f9 il a cr\u00e9\u00e9 Imperium Circus. Depuis, il a collabor\u00e9 avec des \u00e9diteurs renomm\u00e9s tels que Kurokawa et Clique Edition. Depuis 2020, il travaille \u00e9galement pour Wannagame, cr\u00e9ant des univers captivants pour leurs jeux. [&hellip;]\" \/>\n<meta property=\"og:url\" content=\"https:\/\/www.inkpulse-studio.com\/index.php\/qui-sommes-nous\/\" \/>\n<meta property=\"og:site_name\" content=\"Inkpulse Studio\" \/>\n<meta property=\"article:modified_time\" content=\"2024-07-08T16:31:50+00:00\" \/>\n<meta property=\"og:image\" content=\"http:\/\/www.inkpulse-studio.com\/wp-content\/uploads\/2024\/06\/crop2.png\" \/>\n<meta name=\"twitter:card\" content=\"summary_large_image\" \/>\n<meta name=\"twitter:label1\" content=\"Est. reading time\" \/>\n\t<meta name=\"twitter:data1\" content=\"1 minute\" \/>\n<script type=\"application\/ld+json\" class=\"yoast-schema-graph\">{\"@context\":\"https:\/\/schema.org\",\"@graph\":[{\"@type\":\"WebPage\",\"@id\":\"https:\/\/www.inkpulse-studio.com\/index.php\/qui-sommes-nous\/\",\"url\":\"https:\/\/www.inkpulse-studio.com\/index.php\/qui-sommes-nous\/\",\"name\":\"Qui sommes nous ? - Inkpulse Studio\",\"isPartOf\":{\"@id\":\"http:\/\/www.inkpulse-studio.com\/#website\"},\"primaryImageOfPage\":{\"@id\":\"https:\/\/www.inkpulse-studio.com\/index.php\/qui-sommes-nous\/#primaryimage\"},\"image\":{\"@id\":\"https:\/\/www.inkpulse-studio.com\/index.php\/qui-sommes-nous\/#primaryimage\"},\"thumbnailUrl\":\"http:\/\/www.inkpulse-studio.com\/wp-content\/uploads\/2024\/06\/crop2.png\",\"datePublished\":\"2024-06-13T12:23:24+00:00\",\"dateModified\":\"2024-07-08T16:31:50+00:00\",\"breadcrumb\":{\"@id\":\"https:\/\/www.inkpulse-studio.com\/index.php\/qui-sommes-nous\/#breadcrumb\"},\"inLanguage\":\"en-US\",\"potentialAction\":[{\"@type\":\"ReadAction\",\"target\":[\"https:\/\/www.inkpulse-studio.com\/index.php\/qui-sommes-nous\/\"]}]},{\"@type\":\"ImageObject\",\"inLanguage\":\"en-US\",\"@id\":\"https:\/\/www.inkpulse-studio.com\/index.php\/qui-sommes-nous\/#primaryimage\",\"url\":\"https:\/\/www.inkpulse-studio.com\/wp-content\/uploads\/2024\/06\/crop2.png\",\"contentUrl\":\"https:\/\/www.inkpulse-studio.com\/wp-content\/uploads\/2024\/06\/crop2.png\",\"width\":726,\"height\":726},{\"@type\":\"BreadcrumbList\",\"@id\":\"https:\/\/www.inkpulse-studio.com\/index.php\/qui-sommes-nous\/#breadcrumb\",\"itemListElement\":[{\"@type\":\"ListItem\",\"position\":1,\"name\":\"Accueil\",\"item\":\"http:\/\/www.inkpulse-studio.com\/\"},{\"@type\":\"ListItem\",\"position\":2,\"name\":\"Qui sommes nous ?\"}]},{\"@type\":\"WebSite\",\"@id\":\"http:\/\/www.inkpulse-studio.com\/#website\",\"url\":\"http:\/\/www.inkpulse-studio.com\/\",\"name\":\"Inkpulse Studio\",\"description\":\"Quelle histoire voulez-vous raconter ?\",\"publisher\":{\"@id\":\"http:\/\/www.inkpulse-studio.com\/#organization\"},\"potentialAction\":[{\"@type\":\"SearchAction\",\"target\":{\"@type\":\"EntryPoint\",\"urlTemplate\":\"http:\/\/www.inkpulse-studio.com\/?s={search_term_string}\"},\"query-input\":\"required name=search_term_string\"}],\"inLanguage\":\"en-US\"},{\"@type\":\"Organization\",\"@id\":\"http:\/\/www.inkpulse-studio.com\/#organization\",\"name\":\"Inkpulse Studio\",\"url\":\"http:\/\/www.inkpulse-studio.com\/\",\"logo\":{\"@type\":\"ImageObject\",\"inLanguage\":\"en-US\",\"@id\":\"http:\/\/www.inkpulse-studio.com\/#\/schema\/logo\/image\/\",\"url\":\"https:\/\/www.inkpulse-studio.com\/wp-content\/uploads\/2024\/06\/cropped-cropped-IP_LOGO-3.png\",\"contentUrl\":\"https:\/\/www.inkpulse-studio.com\/wp-content\/uploads\/2024\/06\/cropped-cropped-IP_LOGO-3.png\",\"width\":6028,\"height\":5832,\"caption\":\"Inkpulse Studio\"},\"image\":{\"@id\":\"http:\/\/www.inkpulse-studio.com\/#\/schema\/logo\/image\/\"}}]}<\/script>\n<!-- \/ Yoast SEO plugin. -->","yoast_head_json":{"title":"Qui sommes nous ? - Inkpulse Studio","robots":{"index":"index","follow":"follow","max-snippet":"max-snippet:-1","max-image-preview":"max-image-preview:large","max-video-preview":"max-video-preview:-1"},"canonical":"https:\/\/www.inkpulse-studio.com\/index.php\/qui-sommes-nous\/","og_locale":"en_US","og_type":"article","og_title":"Qui sommes nous ? - Inkpulse Studio","og_description":"Robin Dall Armellina &#8211; CEO &#8211; Sc\u00e9nariste Sc\u00e9nariste sp\u00e9cialis\u00e9 dans le manga depuis 2017, Robin a d\u00e9but\u00e9 sa carri\u00e8re chez Tsume-Art o\u00f9 il a cr\u00e9\u00e9 Imperium Circus. Depuis, il a collabor\u00e9 avec des \u00e9diteurs renomm\u00e9s tels que Kurokawa et Clique Edition. Depuis 2020, il travaille \u00e9galement pour Wannagame, cr\u00e9ant des univers captivants pour leurs jeux. [&hellip;]","og_url":"https:\/\/www.inkpulse-studio.com\/index.php\/qui-sommes-nous\/","og_site_name":"Inkpulse Studio","article_modified_time":"2024-07-08T16:31:50+00:00","og_image":[{"url":"http:\/\/www.inkpulse-studio.com\/wp-content\/uploads\/2024\/06\/crop2.png"}],"twitter_card":"summary_large_image","twitter_misc":{"Est. reading time":"1 minute"},"schema":{"@context":"https:\/\/schema.org","@graph":[{"@type":"WebPage","@id":"https:\/\/www.inkpulse-studio.com\/index.php\/qui-sommes-nous\/","url":"https:\/\/www.inkpulse-studio.com\/index.php\/qui-sommes-nous\/","name":"Qui sommes nous ? - Inkpulse Studio","isPartOf":{"@id":"http:\/\/www.inkpulse-studio.com\/#website"},"primaryImageOfPage":{"@id":"https:\/\/www.inkpulse-studio.com\/index.php\/qui-sommes-nous\/#primaryimage"},"image":{"@id":"https:\/\/www.inkpulse-studio.com\/index.php\/qui-sommes-nous\/#primaryimage"},"thumbnailUrl":"http:\/\/www.inkpulse-studio.com\/wp-content\/uploads\/2024\/06\/crop2.png","datePublished":"2024-06-13T12:23:24+00:00","dateModified":"2024-07-08T16:31:50+00:00","breadcrumb":{"@id":"https:\/\/www.inkpulse-studio.com\/index.php\/qui-sommes-nous\/#breadcrumb"},"inLanguage":"en-US","potentialAction":[{"@type":"ReadAction","target":["https:\/\/www.inkpulse-studio.com\/index.php\/qui-sommes-nous\/"]}]},{"@type":"ImageObject","inLanguage":"en-US","@id":"https:\/\/www.inkpulse-studio.com\/index.php\/qui-sommes-nous\/#primaryimage","url":"https:\/\/www.inkpulse-studio.com\/wp-content\/uploads\/2024\/06\/crop2.png","contentUrl":"https:\/\/www.inkpulse-studio.com\/wp-content\/uploads\/2024\/06\/crop2.png","width":726,"height":726},{"@type":"BreadcrumbList","@id":"https:\/\/www.inkpulse-studio.com\/index.php\/qui-sommes-nous\/#breadcrumb","itemListElement":[{"@type":"ListItem","position":1,"name":"Accueil","item":"http:\/\/www.inkpulse-studio.com\/"},{"@type":"ListItem","position":2,"name":"Qui sommes nous ?"}]},{"@type":"WebSite","@id":"http:\/\/www.inkpulse-studio.com\/#website","url":"http:\/\/www.inkpulse-studio.com\/","name":"Inkpulse Studio","description":"Quelle histoire voulez-vous raconter ?","publisher":{"@id":"http:\/\/www.inkpulse-studio.com\/#organization"},"potentialAction":[{"@type":"SearchAction","target":{"@type":"EntryPoint","urlTemplate":"http:\/\/www.inkpulse-studio.com\/?s={search_term_string}"},"query-input":"required name=search_term_string"}],"inLanguage":"en-US"},{"@type":"Organization","@id":"http:\/\/www.inkpulse-studio.com\/#organization","name":"Inkpulse Studio","url":"http:\/\/www.inkpulse-studio.com\/","logo":{"@type":"ImageObject","inLanguage":"en-US","@id":"http:\/\/www.inkpulse-studio.com\/#\/schema\/logo\/image\/","url":"https:\/\/www.inkpulse-studio.com\/wp-content\/uploads\/2024\/06\/cropped-cropped-IP_LOGO-3.png","contentUrl":"https:\/\/www.inkpulse-studio.com\/wp-content\/uploads\/2024\/06\/cropped-cropped-IP_LOGO-3.png","width":6028,"height":5832,"caption":"Inkpulse Studio"},"image":{"@id":"http:\/\/www.inkpulse-studio.com\/#\/schema\/logo\/image\/"}}]}},"_links":{"self":[{"href":"https:\/\/www.inkpulse-studio.com\/index.php\/wp-json\/wp\/v2\/pages\/60","targetHints":{"allow":["GET"]}}],"collection":[{"href":"https:\/\/www.inkpulse-studio.com\/index.php\/wp-json\/wp\/v2\/pages"}],"about":[{"href":"https:\/\/www.inkpulse-studio.com\/index.php\/wp-json\/wp\/v2\/types\/page"}],"author":[{"embeddable":true,"href":"https:\/\/www.inkpulse-studio.com\/index.php\/wp-json\/wp\/v2\/users\/1"}],"replies":[{"embeddable":true,"href":"https:\/\/www.inkpulse-studio.com\/index.php\/wp-json\/wp\/v2\/comments?post=60"}],"version-history":[{"count":10,"href":"https:\/\/www.inkpulse-studio.com\/index.php\/wp-json\/wp\/v2\/pages\/60\/revisions"}],"predecessor-version":[{"id":402,"href":"https:\/\/www.inkpulse-studio.com\/index.php\/wp-json\/wp\/v2\/pages\/60\/revisions\/402"}],"wp:attachment":[{"href":"https:\/\/www.inkpulse-studio.com\/index.php\/wp-json\/wp\/v2\/media?parent=60"}],"curies":[{"name":"wp","href":"https:\/\/api.w.org\/{rel}","templated":true}]}}